+ 1 + 23. What is the highest common divisor of 15 and c?
5
Let i = -18 + 12. Let y be (i + 1)*(-56)/8. What is the highest common divisor of 245 and y?
35
Let v be 35 + 0 - (-2 - -1). Let r = 5652 + -5592. Calculate the highest common factor of v and r.
12
Let o = -39 - -56. Suppose -2*k = -o + 5. What is the highest common factor of k and 66?
6
Let z(s) = -57*s - 938. Let b be z(-17). Calculate the greatest common divisor of b and 1.
1
Let z(r) be the first derivative of r**4/4 + 16*r**3/3 + 25*r**2/2 - 14*r - 21. Let p be z(-14). Calculate the greatest common divisor of 84 and p.
28
Suppose -2*v + 4 = -2*a - 30, v = -2*a + 14. Let u = 3 + v. Suppose -2*g + u = h, g - 6*g - 4*h + 52 = 0. Calculate the highest common divisor of g and 88.
8
Let o(i) = 24*i**2 + 1. Let t be o(1). Let n be 0 + -13 + (-2)/1. Let g = 25 + n. Calculate the greatest common divisor of g and t.
5
Let f(h) = -5*h**3 - 6*h**2 - 13*h - 65. Let v be f(-5). Calculate the greatest common divisor of 25 and v.
25
Let f(v) = 7*v + 3. Let j be (1/(-1)*1)/((-6)/6). Let s be f(j). What is the highest common factor of 40 and s?
10
Let h be 9/(108/(-16)) - (-236)/6. What is the highest common factor of h and 418?
38
Let z = 251 + -20. Suppose -4*v = -v - z. Calculate the highest common factor of v and 7.
7
Let w be -2 + (-13)/(-3) - (-4)/(-12). Suppose 2*c - 2*p - 736 = 0, 7 = -p + w. What is the highest common divisor of c and 33?
33
Suppose -3*x + 2 = 4*h - 0*h, -x - 5*h = -19. Let p be (-100)/(-8) + (-3)/x. What is the greatest common factor of p and 1?
1
Suppose -3*g - 2*i = -0*i - 106, 3*i - 108 = -3*g. Suppose 2*d = 6 - 0. Suppose -d*m = 5*j - 99 + 14, 0 = -5*m. What is the highest common divisor of j and g?
17
Let v = -33 - -35. Suppose -v = 5*x - 122. Let f be 286/4 + (-2)/(-4). Calculate the greatest common divisor of f and x.
24
Let y(m) = m + 4. Let g be y(3). Suppose 0 = 4*x - 3*r - 149, -18*x + 16*x = -r - 73. Calculate the greatest common factor of g and x.
7
Suppose 0 = 5*a + 3*z - 3, -5*z = -4*a - 0*z - 5. Suppose v - 11 - 1 = a. Let q(t) = 14*t - 4. Let p be q(2). What is the highest common factor of v and p?
12
Let m = 42 + -83. Let r = -12 - m. Calculate the greatest common divisor of r and 29.
29
Let k(c) = 19*c + 437. Let z be k(-22). What is the greatest common factor of z and 2603?
19
Suppose 3*o + 5*m - 187 = 0, 5*o - 103 = 3*o + m. Suppose 3*u - 3*b - 52 = -2*b, -62 = -4*u + 5*b. What is the highest common factor of u and o?
18
Let s(j) = -3*j - 29. Let b be s(-17). Suppose -4*z + b = -14. Calculate the highest common divisor of z and 6.
3
Suppose 5*i + 268 - 1643 = 0. Let w = 232 + i. Suppose -4*f + 3*g + 672 = 0, -w = -2*f - f + 3*g. Calculate the greatest common factor of 15 and f.
15
Suppose -f - 190 = -2*a, 4*a - 285 = a - f. Let s be (3 + (-1)/1)/1. Let c be (-1 + s)*(0 + 19). Calculate the highest common factor of a and c.
19
Let z be 8/(-18) - (-15015)/189. Calculate the highest common factor of 1 and z.
1
Let t = 154 - 110. What is the greatest common divisor of t and 33?
11
Let j = 123 + -167. Let z be (-1 - (-39)/33) + (-6460)/j. Let k = 73 + -52. Calculate the highest common divisor of z and k.
21
Suppose 25 = 5*s - 0, -o = 2*s - 195. What is the greatest common divisor of 37 and o?
37
Suppose -c = -6*c - 4*w + 6, 0 = 2*c + 2*w - 2. Suppose 9 = -3*h + 18. Calculate the highest common divisor of h and c.
1
Suppose 11*y - 5*y - 24 = 0. Let v be (-1)/(1/((-4)/y)). What is the greatest common divisor of v and 1?
1
Let d(k) = 5*k - 2. Let a be d(6). Let q = -25 + a. Calculate the highest common factor of 12 and q.
3
Suppose 39 = 5*r - 31. Let n be (r/35)/((-2)/(-110)). What is the highest common factor of n and 88?
22
Let p = -24 + 133. Let o = 163 - p. Calculate the greatest common factor of 27 and o.
27
Suppose -l - 5*g + 10 = 0, 5*l - 6*g + g = 20. Suppose -l*a = -4*y + 59, 6*a - 25 = a. Calculate the greatest common factor of 3 and y.
3
Let s be (3 - 1)/(-2) + 31. Let j = -2368 - -2398. What is the greatest common divisor of j and s?
30
Let u be (0 - -1)/(35/1260)*2. Calculate the highest common divisor of u and 240.
24
Let w(b) = b + 20. Let x be w(-11). Suppose q = -c - 41, 0*q = -3*q - x. Let i = 83 + c. What is the greatest common divisor of 9 and i?
9
Let q = 34 + -21. Suppose 0 = -5*l - 2*g + 1109, 4*l = -4*g + g + 890. Calculate the greatest common divisor of q and l.
13
Suppose 128 = -4*w + 176. Suppose 0 = 4*k + 2 - 26. Calculate the greatest common divisor of k and w.
6
Suppose -2*a = -3*r, 2*a - 38 = -3*a - 2*r. Suppose 26 = w + a. What is the greatest common factor of w and 100?
20
Suppose 5*j - 60 = 5*g, 0 = 2*j + 26*g - 27*g - 21. Calculate the greatest common factor of 1521 and j.
9
Let l(r) = 8*r - 6. Let a be l(2). Calculate the greatest common divisor of 90 and a.
10
Let z = 7 - 17. Let l be 15/z - 3/12*-38. What is the highest common factor of l and 40?
8
Let c(z) = -3*z**2 - 54*z - 44. Let y be c(-16). Calculate the greatest common factor of y and 234.
26
Let f be (-3)/(-3)*(6 + 5). Let c = f - 7. What is the greatest common factor of 28 and c?
4
Let x = 3188 - 3086. What is the greatest common divisor of x and 850?
34
Let k(s) = 6*s**3 - 7*s**2 + 15*s - 12. Let n be k(4). Calculate the greatest common factor of 10 and n.
10
Suppose 3*s - 4*m = -2*s + 1490, 5*m + 1183 = 4*s. What is the greatest common factor of s and 2?
2
Let d be ((-16)/4)/((-1)/(-2)). Let y = d - -5. Let n be (2/(-3))/(y/108). What is the highest common divisor of n and 8?
8
Suppose -4*o + 2*n = -118, 0*o - 5*n = -2*o + 55. Let r(t) = -t**3 - t**2. Let w be r(-3). Let a = o - w. Calculate the greatest common factor of a and 96.
12
Let z = 11890 + -8182. Calculate the highest common divisor of 36 and z.
36
Let j be -16 + (16 - 9) + 38. Let p be 522/2 - (-3 - -3). Calculate the greatest common divisor of p and j.
29
Let x(i) = i**2 + i - 92. Let q be x(11). What is the highest common divisor of 220 and q?
20
Let v = -1410 - -2310. Suppose 7*l = 2*l + v. Calculate the greatest common factor of l and 36.
36
Suppose 5*m - 19 - 4 = 4*z, -9 = -m + 3*z. Suppose m*p - 26 = -2. Suppose -73 = -5*w - p. What is the greatest common factor of 52 and w?
13
Let g = -25 + -55. Let a = -26 - g. What is the greatest common divisor of 81 and a?
27
Let m be (0 - 105)*(-12)/30. Suppose 40*o - m*o = -40. Calculate the highest common factor of 50 and o.
10
Suppose 0 = -r - 63*r + 14208. What is the highest common factor of r and 518?
74
Suppose -7*p - 558 = -9*p. Let g = 399 - p. What is the highest common divisor of 48 and g?
24
Let l(q) = -q**2 + 40*q + 347. Let y be l(47). What is the highest common factor of y and 1368?
18
Let l(b) = b**3 + 7*b**2 - 5*b - 26. Let a be l(-7). Calculate the highest common divisor of a and 441.
9
Suppose 5*z - s - 240 = -3*s, s = 2*z - 96. Let j be 0 - -4 - 6*8/(-24). Calculate the greatest common factor of j and z.
6
Suppose -7*j + 6 = -5*j. What is the highest common factor of 2 and j?
1
Let x be ((-20)/25*2)/((-11)/55). Suppose -2*d + 28 + 28 = 0. What is the greatest common divisor of d and x?
4
Suppose 0*q - 1020 = -4*q. Suppose 0 = 6*j - 3*j - q. Let t be (2 - 104)*(-2)/6. What is the highest common factor of j and t?
17
Let d = -9 + 6. Let a(b) = -6*b. Let n be a(d). Let m = 43 - n. Calculate the greatest common factor of m and 225.
25
Let q(t) = t**3 - 3*t**2 + 1. Let i be q(2). Let k be (98/(-3))/(1/i). Let j be ((-42)/8)/(9/(-24)). Calculate the greatest common factor of k and j.
14
Let b(m) = -m - 1. Let v(l) = -2*l + 5. Let r(d) = -b(d) + v(d). Let k be r(-7). What is the greatest common divisor of 208 and k?
13
Suppose 0 = 7*d - 231 + 35. Calculate the highest common divisor of d and 42.
14
Let r(w) = 43*w + 15. Let p be r(3). What is the highest common divisor of 216 and p?
72
Suppose -3*m = 2*m + 25. Let l(b) = -2*b - 6. Let x be l(m). Let s(h) = -6*h - 12. Let r be s(-8). Calculate the greatest common factor of r and x.
4
Let d = 17 + -15. Suppose 147 = 2*f + 15. Suppose 4*o + 4*i - d*i = f, i + 62 = 3*o. What is the greatest common divisor of o and 152?
19
Suppose -5*o + 15 = -3*w, -7*w = -2*o - 6*w + 5. Suppose -m + 2*g + 10 = o, 4*m - 52 = -g - 3. What is the highest common factor of 28 and m?
4
Let x(z) = 36*z**2 - 40*z. 